
Let q be ((-36 - -9) + -9)/(-2). Calculate the greatest common factor of q and 38.
2
Let n(z) = z**3 - 2*z**2 - 26*z + 10. Let l be n(-7). Let r = l - -253. What is the highest common factor of r and 46?
2
Let i(b) = -9*b + 1781. Let h be i(43). What is the greatest common divisor of h and 374?
34
Suppose -2*c + 4 = 8. Let f be ((-21)/14)/(c/(-20)). Let d be (-54)/(-5) + (0 - 3/f). Calculate the greatest common factor of d and 1.
1
Suppose i = -4*i + 39*i - 578. What is the greatest common factor of 18649 and i?
17
Suppose 87129 = 46*s + 23327. Calculate the highest common divisor of 19 and s.
19
Let n(m) = -m**2 + 64*m - 410. Let z be n(56). Suppose -v - 5*q + 85 = 0, -v - 4*v + 313 = -3*q. Let f = v - z. Calculate the highest common divisor of 3 and f.
3
Suppose 190326 - 731406 = -72*d. What is the greatest common factor of 45 and d?
45
Let k(m) = m**2 + 23*m - 10. Let p be k(-24). Suppose p*h - 153 = -41. Calculate the greatest common divisor of 16 and h.
8
Let d(k) = -3*k**2 + 2*k**2 + 22 + 3*k - 38*k + 0*k. Let l be d(-35). Calculate the greatest common factor of 198 and l.
22
Let i be 4/(-2)*-12*231/28. Let m = i + -110. Calculate the highest common factor of 220 and m.
44
Let l = 371 - 366. Let y(i) = 38*i - 71. Let s be y(l). Calculate the greatest common factor of 17 and s.
17
Suppose 8257*c - 8139*c = 1416. What is the highest common divisor of 19800 and c?
12
Suppose 0 = 6*g + 752 - 2. Let b = 337 + g. Calculate the greatest common divisor of 53 and b.
53
Let h(r) = 33*r**2 - 11*r + 24. Let z be h(3). Let k = -200 + z. What is the highest common factor of 11 and k?
11
Let t = 15710 - 15707. What is the highest common divisor of 1401 and t?
3
Let g(n) = 17*n**3 - n**2 + n + 45. Let y be g(0). Calculate the greatest common factor of y and 18045.
45
Let i(v) = -75*v - 516. Let w be i(-14). Calculate the greatest common divisor of 192 and w.
6
Suppose 0 = -0*j - 7*j - 721. Let t = j - -127. Let q be 7190/30 - (-5)/15. Calculate the greatest common factor of q and t.
24
Let a = -47 - -41. Let g(v) = -5*v - 22. Let i be g(a). Calculate the highest common factor of 312 and i.
8
Let g be 3/((-13)/39*2/(-6)). Suppose 3*x - 97 = 65. Calculate the greatest common divisor of g and x.
27
Let t(d) = d**3 - d**2 + 2*d - 3. Let w be t(0). Let v = -11 + w. Let r be (v/3)/((-12)/270). Calculate the highest common factor of 15 and r.
15
Suppose 26 = 6*h + 7*h. Let p(o) = 7*o**2 + 4*o - 2. Let s be p(h). What is the greatest common factor of s and 221?
17
Let n(d) be the third derivative of d**4/24 + 3*d**3/2 - d**2. Let l be n(-8). Let f = 19 - l. What is the highest common divisor of f and 18?
18
Let m(l) = 16*l**2 + 30*l - 2. Let n be m(-2). What is the greatest common divisor of n and 4?
2
Let x(m) = m**3 + 16*m**2 - 14*m - 22. Let f be x(-17). Let l be (-113 - f)/(0 + 2/(-8)). What is the highest common factor of 64 and l?
32
Let x = 216 - -124. Let c(t) = 2*t**2 + 156*t - 300. Let u be c(-80). Calculate the highest common divisor of x and u.
20
Suppose 5*n = 2*c + 27, -3*c + c + 36 = 4*n. Suppose u - 5*k - 306 = 0, 5*u + n*k - 1472 = 3*k. Calculate the highest common factor of u and 8.
8
Suppose 0 = 4*p - 1 - 111. Let d be (48/p)/((-3)/(-21)). Calculate the highest common divisor of 8 and d.
4
Let j(p) = 456*p**2 + 26*p + 104. Let l be j(-3). What is the greatest common divisor of l and 70?
70
Suppose -5*m = 5*r - 1240, -5*r + 19*m + 1228 = 20*m. What is the highest common divisor of 784 and r?
49
Let s be (2 - 0/(-3))*7. Suppose -d + s + 327 = 0. Let p = 21 - -10. What is the greatest common divisor of p and d?
31
Let f(x) = 20*x**2 - 162*x + 1079. Let k be f(7). Calculate the highest common divisor of k and 777.
37
Suppose 3*k + 5*r = 1286, -k + 418 = -0*r - r. Let w = k + -387. Calculate the highest common divisor of 595 and w.
35
Let u = 18656 - 18651. Suppose -3*g = 2*v - 16, -4*g - 4 = -3*g - 4*v. Calculate the greatest common divisor of u and g.
1
Let n(h) = -5 + 7*h - 3 + 1. Suppose 435 = -10*x + 475. Let t be n(x). Calculate the highest common factor of 63 and t.
21
Let l(r) = r + 11. Let y be l(-11). Suppose 0*g + 8*g - 2472 = y. Suppose -7*t + 1401 - g = 0. What is the greatest common divisor of 12 and t?
12
Let c(b) = 31*b + 1. Let k be c(1). Suppose -4*j - 3*w - 1 = 0, 9*w - 8*w = 5*j - 13. Suppose -5*m = j*m - 28. Calculate the highest common divisor of k and m.
4
Let w = -673 + 697. Let s be ((-15)/(90/w))/((-1)/19). Calculate the greatest common factor of 190 and s.
38
Let w = 14758 - -11541. What is the greatest common divisor of w and 182?
91
Suppose 2*q + 2*n - 634 = 0, -535 = 3*q - 2*n - 1516. Calculate the greatest common factor of q and 34.
17
Let i(a) = 30 + 44*a - 24*a + 0*a**2 - 3*a**3 + 4*a**2 - 6*a. Let w be i(-2). What is the highest common factor of w and 140?
14
Let g = -209 - -409. Let f = -68302 + 68377. What is the highest common divisor of g and f?
25
Let s = 518 + 413. Suppose -11*t - s = -30*t. What is the highest common factor of 28 and t?
7
Let w(m) = m**2 - 28*m - 38. Let o be w(-2). Suppose 2*q - 281 = -5*l, 0 = 5*l - q - 0*q - 272. Calculate the highest common divisor of o and l.
11
Let v(x) be the second derivative of 17*x**3/2 + 3*x**2/2 - 107*x. Let g be v(1). What is the greatest common factor of 6 and g?
6
Suppose -4*f + 3*p + 0*p = -409, 5*p - 555 = -5*f. Let o = f - 100. Let r(t) = -2*t + 18. Let h be r(0). Calculate the greatest common divisor of h and o.
6
Suppose -89*p + 90*p = 649. Let f = -334 + p. Let b = -48 + 83. What is the highest common factor of f and b?
35
Let x(a) = -a**3 + 27*a**2 - 15*a - 154. Let r be x(23). Calculate the greatest common divisor of 98 and r.
49
Suppose 57*c = 2702 + 1573. Let i be 124 + -6 + 4/2. Calculate the greatest common factor of c and i.
15
Suppose 3*i - 333 = -3*t + 285, 4*t = 3*i - 632. What is the greatest common divisor of 48 and i?
16
Let s be (-51)/(-12)*540/5. Let j = -2441 + 2549. What is the greatest common factor of j and s?
27
Let g(v) = v**3 + 18*v**2 - v + 2. Let q be g(-18). Suppose -2*l - 4 + 12 = h, h + 4*l = 4. What is the greatest common divisor of h and q?
4
Let z be (-99)/(-8) - (99/8 + (1 - 13)). What is the greatest common divisor of z and 6960?
12
Suppose -14*d = 20*d - 14756. Let s = d + -373. What is the highest common divisor of 1037 and s?
61
Suppose 2*x = -10*j + 248, 5*x + 190 = 4*j + 926. Let l(h) = 2*h**2 + 8*h - 5. Let z be l(-6). Let a = z + 17. What is the greatest common divisor of x and a?
36
Let x be ((-10580)/(-15))/(-2)*48/(-32). Calculate the greatest common divisor of x and 1403.
23
Let h be (-4 + 115)*(3 + 0) + -3. Suppose -h - 315 = -43*n. Calculate the highest common divisor of n and 6.
3
Suppose -839 = 26*r - 2399. Calculate the greatest common divisor of 460 and r.
20
Let z be (-4 - -2 - 9/(-4)) + 20400/320. Calculate the greatest common factor of z and 16384.
64
Suppose -4*z + 4*k + 88 = 3*k, 2*z - 44 = 4*k. Suppose -z*n = -41*n + 247. Calculate the greatest common divisor of n and 403.
13
Let t be 2/8 + (-220)/(-16). Suppose -18 = -3*j + 3*d, d + 4*d = 3*j - t. Suppose -23*k + 168 = -20*k. Calculate the highest common factor of j and k.
8
Suppose 12*u - 20*u + 6968 = 0. What is the highest common factor of 13 and u?
13
Let y be ((-1)/(6/(-12)))/(2/64). Let q = -48 + y. Let k be q/(-64) - 13/(-4). What is the greatest common divisor of k and 1?
1
Suppose 2*t - 3*s - 427 = 0, 0 = -t + 5*t + 2*s - 830. What is the highest common divisor of t and 475?
19
Suppose 2*g = 3*x - 99, -32 = -g - 29. Calculate the greatest common divisor of 1015 and x.
35
Suppose 2*l + 4*c - 54 = 10*c, 2*l + 9 = -3*c. Suppose 4*a - 1992 = -4*s + a, 3*s = -3*a + 1494. Calculate the highest common divisor of s and l.
6
Suppose 4*h - 65 = 35*d - 40*d, 3*d - 39 = 4*h. Suppose -5 = -3*k + d. Calculate the greatest common factor of 8 and k.
2
Suppose 0 = 11*u - 7*u - 16. Suppose 0 = -4*m - u, -4*h - 44 = 5*m - m. Let s be (22/(-6) + 1)*(h - -7). Calculate the greatest common factor of 128 and s.
8
Suppose 6 + 2 = 2*q. Suppose -q*i = 2 - 18. Suppose 5*w = 15, 5*d - w + 4 = 6. What is the greatest common factor of i and d?
1
Let u be 1824/(-570) - 4128/(-40). Let a be 1/(-2)*(-100)/1. What is the highest common divisor of u and a?
50
Let d(h)